ivisor of 13863 and 3.
3
What is the highest common factor of 16744 and 208?
104
What is the greatest common factor of 527 and 35309?
527
Calculate the greatest common factor of 130759 and 3664.
229
Calculate the greatest common factor of 70600 and 310.
10
What is the greatest common divisor of 381537 and 2106?
351
Calculate the greatest common divisor of 7980 and 16644.
228
Calculate the greatest common divisor of 113807 and 2993.
73
Calculate the greatest common divisor of 211898 and 606.
202
Calculate the highest common divisor of 100 and 14050.
50
What is the greatest common divisor of 39468 and 5928?
156
Calculate the highest common factor of 25258 and 1314.
146
What is the greatest common divisor of 20 and 8273660?
20
Calculate the highest common divisor of 487228 and 48.
4
Calculate the highest common divisor of 104 and 2645500.
52
Calculate the highest common factor of 320 and 192800.
160
Calculate the greatest common factor of 17526 and 35328.
138
What is the highest common divisor of 2394 and 3627?
9
Calculate the greatest common divisor of 3481871 and 562.
281
What is the highest common factor of 18304 and 254848?
1408
Calculate the greatest common factor of 994434 and 42.
42
Calculate the greatest common divisor of 16 and 590.
2
Calculate the highest common divisor of 156 and 13624.
52
Calculate the highest common divisor of 209 and 683639.
209
What is the highest common divisor of 234 and 271102?
26
What is the highest common factor of 2064 and 42054?
258
Calculate the highest common factor of 827083 and 4696.
587
Calculate the highest common factor of 410396 and 28.
28
What is the greatest common factor of 5124 and 66?
6
What is the highest common divisor of 432 and 160596?
108
What is the greatest common divisor of 3459 and 42?
3
Calculate the greatest common factor of 1271 and 45074.
31
Calculate the greatest common divisor of 108 and 287361.
27
What is the highest common factor of 42 and 88473?
21
Calculate the greatest common factor of 1776 and 555.
111
Calculate the highest common factor of 24671296 and 32.
32
Calculate the highest common divisor of 840 and 32592.
168
What is the greatest common divisor of 112031 and 1?
1
What is the greatest common factor of 68 and 56116?
4
What is the highest common factor of 161 and 157297?
161
Calculate the highest common factor of 3603964 and 637.
91
What is the greatest common divisor of 2850 and 2670?
30
What is the highest common divisor of 44731 and 533?
41
What is the greatest common factor of 690 and 158430?
30
What is the greatest common divisor of 257023 and 408?
17
Calculate the highest common factor of 622 and 1514.
2
What is the highest common factor of 4968 and 656?
8
Calculate the greatest common divisor of 66 and 999834.
66
What is the greatest common divisor of 203268 and 39?
39
What is the highest common divisor of 629818 and 70?
14
What is the greatest common divisor of 768 and 138504?
24
Calculate the highest common factor of 36727 and 133.
19
Calculate the greatest common factor of 50228 and 696.
116
Calculate the greatest common factor of 8463 and 52143.
273
What is the greatest common factor of 368322 and 1836?
102
Calculate the highest common divisor of 24420 and 33.
33
What is the greatest common divisor of 96 and 13236?
12
What is the greatest common divisor of 73 and 98769?
73
What is the highest common factor of 1740 and 555930?
870
Calculate the greatest common divisor of 2950 and 793786.
118
What is the highest common divisor of 696 and 636?
12
Calculate the greatest common factor of 1020 and 556410.
510
What is the greatest common factor of 19120 and 1520?
80
What is the highest common factor of 329417 and 44?
11
Calculate the highest common factor of 21624 and 136.
136
What is the greatest common divisor of 46596 and 3?
3
What is the greatest common factor of 9464 and 234572?
676
Calculate the greatest common factor of 1071 and 73287.
153
Calculate the greatest common divisor of 928 and 1467632.
464
What is the greatest common divisor of 1045 and 14025?
55
What is the highest common divisor of 444 and 99024?
12
What is the greatest common divisor of 100818 and 12?
6
Calculate the greatest common divisor of 312 and 13338.
78
What is the highest common divisor of 31314 and 1020?
102
Calculate the greatest common divisor of 2549583 and 4005.
801
What is the greatest common factor of 325 and 255775?
325
Calculate the greatest common divisor of 117 and 14196.
39
What is the highest common factor of 6767 and 3939?
101
What is the highest common divisor of 209 and 39523?
11
What is the highest common factor of 2475832 and 8?
8
Calculate the highest common divisor of 1593 and 30562.
59
Calculate the greatest common factor of 43480 and 970.
10
What is the highest common factor of 10881 and 169353?
279
What is the highest common divisor of 64 and 397408?
32
Calculate the highest common factor of 4666 and 24.
2
What is the highest common divisor of 195536 and 2020?
404
Calculate the highest common divisor of 61450 and 2150.
50
What is the greatest common factor of 630 and 248030?
10
What is the highest common factor of 2322 and 645?
129
Calculate the highest common divisor of 818 and 2009417.
409
What is the greatest common divisor of 36 and 15588?
36
What is the greatest common divisor of 2592 and 1488?
48
Calculate the highest common divisor of 5070 and 14040.
390
What is the greatest common factor of 1935 and 105345?
45
What is the highest common divisor of 156397 and 87?
29
Calculate the greatest common divisor of 1160 and 3580.
20
Calculate the highest common factor of 75429 and 8961.
87
What is the highest common factor of 14166 and 54?
18
Calculate the highest common divisor of 1992 and 1800.
24
Calculate the highest common divisor of 35 and 355040.
35
Calculate the highest common divisor of 9 and 10248750.
9
What is the highest common factor of 210 and 1230?
30
Calculate the greatest common divisor of 45 and 1390518.
9
Calculate the highest common factor of 16573744 and 176.
176
Calculate the highest common divisor of 780 and 8658.
78
Calculate the highest common divisor of 83964 and 384.
12
What is the greatest common divisor of 8534 and 15572?
34
What is the highest common factor of 155767 and 1590?
53
What is the highest common factor of 576 and 50850?
18
Calculate the highest common divisor of 218 and 32.
2
Calculate the greatest common factor of 3193 and 3627.
31
What is the highest common factor of 950 and 13350?
50
What is the greatest common divisor of 5185 and 765?
85
Calculate the greatest common divisor of 128148 and 944.
236
What is the highest common divisor of 7314 and 8586?
318
What is the highest common factor of 51269 and 1535?
307
What is the highest common divisor of 1825 and 312805?
365
Calculate the highest common divisor of 2153477 and 465.
31
Calculate the highest common divisor of 352 and 253.
11
What is the highest common divisor of 91050 and 60?
30
What is the highest common factor of 2 and 62581?
1
What is the greatest common divisor of 9563 and 45195?
131
Calculate the greatest common divisor of 1313 and 118271.
101
Calculate the highest common divisor of 206904 and 49396.
932
What is the greatest common divisor of 11211 and 86052?
303
What is the highest common factor of 1151227 and 77?
77
Calculate the highest common divisor of 141100 and 7650.
850
Calculate the highest common divisor of 417 and 172499.
139
What is the greatest common factor of 1248 and 67808?
416
What is the greatest common divisor of 1025 and 1927?
41
Calculate the highest common factor of 72 and 2645820.
36
Calculate the highest common factor of 49 and 2267.
1
What is the highest common factor of 1128 and 1322392?
376
Calculate the greatest common factor of 50 and 401675.
25
What is the greatest common factor of 88 and 7028428?
44
What is the highest common divisor of 1259493 and 3?
3
What is the greatest common factor of 5369 and 8554?
91
What is the highest common factor of 15550 and 110?
10
What is the highest common factor of 1430892 and 324?
108
Calculate the highest common factor of 160 and 9220.
20
Calculate the greatest common factor of 5830 and 21889.
53
Calculate the greatest common divisor of 129000 and 344.
344
Calculate the greatest common fac